h(l) = 2*l**2 + 63*l + 306. What is the remainder when h(-28) is divided by n?
26
Calculate the remainder when (9 - 15)*(-22)/3 is divided by (39/(-52))/((-3)/20).
4
Let p = -51 + 428. Suppose -5*y + 4*c + 420 = 0, -y - 3*y - 5*c + p = 0. Let h = y + -28. Calculate the remainder when h is divided by 21.
18
Let u = -84 - -121. What is the remainder when u is divided by 9?
1
Suppose 5*v - 4975 = -5*p, -614 = -2*p + 5*v + 1383. Calculate the remainder when p is divided by 167.
161
Suppose 3*t + 4*o = 256, -11*o = -2*t - 7*o + 164. What is the remainder when t is divided by 29?
26
Let g(f) = f**2 - 56*f + 322. What is the remainder when 70 is divided by g(6)?
4
Suppose 0 = -u - 4*h - 14, u - 2*h = 2*u + 4. What is the remainder when 23/(u/(-5 + 23)) is divided by 7?
6
Suppose 0*u + 24 = 3*u. Suppose 0 = -4*l + 7 + 9. Suppose l*h = 33 + 59. What is the remainder when h is divided by u?
7
Let w(n) = -n**3 - 8*n**2 - 27*n - 37. What is the remainder when 111 is divided by w(-4)?
6
Suppose -2*d = d - h - 49, h = -2*d + 41. What is the remainder when d is divided by 12?
6
Let c = 98 - 52. Let o = c + -1406. Calculate the remainder when o/(-22) + 2/11 is divided by 21.
20
Let r = -24 - -46. Suppose v - 78 = -4*p, v = p - 0*v - r. Suppose -j - m + 8 = 0, -2*j + 2*m + 11 = -m. Calculate the remainder when p is divided by j.
6
Suppose -3*y + 28 = 3*q - 17, 0 = 3*y + 4*q - 44. Let i = -111 + 174. Calculate the remainder when i is divided by y.
15
Let u = 24 - 21. Suppose -3*b + 3*f = -117, 3*b - 2*b - 2*f - 35 = 0. Calculate the remainder when b is divided by u.
1
Suppose 3*k = 41 + 4. Let m(o) = -o**3 - 7*o**2 + 2*o + 2. Let t be m(-7). Calculate the remainder when k is divided by 2 - 1/(3/t).
3
Suppose -255 - 163 = -38*a. Calculate the remainder when 73 is divided by a.
7
Suppose 4*i - 3*i = 81. What is the remainder when 41 is divided by i/12 - ((-44)/(-16) - 3)?
6
Suppose 51*i - 27748 + 9490 = 0. What is the remainder when i is divided by 15?
13
Let o = -45 - -47. Suppose -24 = -o*r - 12. Calculate the remainder when 16 is divided by r.
4
Suppose -45 - 63 = -6*g. What is the remainder when 101 is divided by g?
11
Suppose 0 = r - 4*f - 78 - 4, 3*r - 4*f - 270 = 0. What is the remainder when r is divided by -1*(-13 - (-2 + 1))?
10
Let u(q) = -3*q - 48. What is the remainder when 54 is divided by u(-24)?
6
Let h be (1 + 3)*1023/(-44). Let m = -49 - h. Suppose m = 3*n - n. What is the remainder when 85 is divided by n?
19
Suppose -12 = -5*y + 38. Let a = 13 - y. What is the remainder when 11 is divided by a?
2
Suppose -10 = -2*j - 5*i + 25, 3*j - 44 = i. Suppose -3 = 2*d - d, -3*d = 4*w - 335. Suppose 2*h + 2 = w. What is the remainder when h is divided by j?
12
Suppose 0 = -5*l - 0*l - 10. What is the remainder when (-3)/(-7) + 470/14 is divided by l*((-44)/8 - 1)?
8
Let n = 697 - 477. Suppose -5*b + n = 5*b. What is the remainder when 61 is divided by b?
17
Let q = -1298 - -1469. What is the remainder when q is divided by 24?
3
Let z(r) = -100*r - 481. What is the remainder when z(-8) is divided by 6?
1
Let q = -1198 - -1228. Calculate the remainder when q is divided by 20.
10
Let y = -144 + 408. Calculate the remainder when y is divided by 7.
5
Let y = 20 - 18. Suppose -b + 2 + y = s, 0 = -5*s + b + 26. Suppose 0 = -j, 5*m - 56 = -s*j + 19. What is the remainder when 44 is divided by m?
14
Suppose -3*y + a + 27 = 0, -84*a + 22 = y - 80*a. Calculate the remainder when 628 is divided by y.
8
Let r(t) = t**3 - 34*t**2 + 33*t + 13. Calculate the remainder when r(33) is divided by 5.
3
Suppose 27 - 120 = -2*y - z, -3*z - 153 = -3*y. Suppose -2*b + 27 = 2*u - 3, -3*u = -4*b - 59. Calculate the remainder when y is divided by u.
14
Suppose -21 = -234*t + 227*t. Suppose -2*a - 12 = -5*a. Suppose n = -a*v + 12, t*v + 2*n = 3 + 1. Calculate the remainder when 7 is divided by v.
3
Suppose 2*y - 2*b + 8 = -0*b, 0 = 4*b + 8. Let j(w) = 14*w**2 + 16*w**2 - 10*w - 34*w**2 + 3*w**2. What is the remainder when j(y) is divided by 13?
11
Suppose -2*g - 4*i + 74 = 0, 0 = 2*g - 2*i - 52 - 40. What is the remainder when 78 is divided by g?
35
Suppose 0 = -2*u + 3*b + 42, 54 + 38 = 5*u - b. Suppose -46*m - u = -49*m. Calculate the remainder when m is divided by 5.
1
Let l(p) be the second derivative of p**4/12 + 5*p**3/3 + 13*p**2/2 - 9*p - 2. Calculate the remainder when l(-12) is divided by 8.
5
Suppose 17 = 3*w - 7. Let a = 10 + w. What is the remainder when 50 is divided by a?
14
Suppose 408*f - 212 = 404*f. Calculate the remainder when f is divided by 3.
2
Let y(x) = x**2 - 5*x + 5. Let d be (435/10)/(-1) - (-1)/(-2). Calculate the remainder when (-62)/(-22) - (184/d - -4) is divided by y(4).
0
Let b be 14 + -14 + 11*2. Suppose 3*n = -5*v + 55, 4*n + 0*n = -2*v + b. What is the remainder when 43 is divided by v?
10
Let g(c) = 4*c**2 + 12*c - 13. What is the remainder when g(-10) is divided by 15?
12
Let t = 11 - -106. Let m = t + -24. Calculate the remainder when m is divided by 24.
21
Let f(q) = -2*q - 9. What is the remainder when f(-10) is divided by 7?
4
What is the remainder when 26/(-117) + (3287/9 - -2) is divided by 3?
1
Let a = 58 - 101. Let b = a - -97. Calculate the remainder when b is divided by 11.
10
Let m(v) = 9*v + 517. What is the remainder when 116 is divided by m(-53)?
36
Let v be (-453)/(-18) - (-1)/(-6). Suppose -8*s + 4*s + 56 = 0. What is the remainder when 40 is divided by (s/5)/(5/v)?
12
Suppose -3*g + m = -7*g + 40, 2*g + 2 = 5*m. Calculate the remainder when (-126)/(-4) + (-4)/(1 - g) is divided by 7.
4
Suppose -138 = 5*n + g, -2*n + 3*g = 46 + 16. What is the remainder when 17 is divided by n/98 - (-37)/7?
2
Suppose 0 = -3*a - 5*x + 335, -x = -4*a - 0*a + 462. Calculate the remainder when a is divided by 33.
16
Let f(k) = 6*k + 6*k - 7 + 6 - 13*k + k**2. Let u be f(0). Calculate the remainder when 21 is divided by ((-7)/(-5) + u)*15.
3
Let n(m) be the third derivative of m**6/120 + m**5/12 + 5*m**3/6 - m**2. Suppose -49*o + 476 - 84 = 0. What is the remainder when n(-4) is divided by o?
5
Let i(l) = -l**3 - 29*l**2 - 4*l + 87. Calculate the remainder when i(-29) is divided by 34.
33
Let r = 98 - 38. Calculate the remainder when 22 is divided by 14/(-4)*r/(-35).
4
Suppose 8*x - x = 14. Suppose -4*k = -3*q - 79, -57 = -x*k + 2*q + 3*q. What is the remainder when 62 is divided by k?
14
Suppose -9*r + 1476 = -1548. What is the remainder when r is divided by 69?
60
Suppose 2*j = -5*h + 151, 4*h + 4*j + j - 114 = 0. What is the remainder when (-15)/(-90) + (53475/18)/25 is divided by h?
26
Let d(n) = 3*n**2 + 3*n + 4. Suppose 0 = -66*j + 61*j - 10. What is the remainder when d(j) is divided by 3?
1
Suppose -3*u - 6 = -y, 2*u + 42 = 5*y - u. Suppose -2*i + y = -17. Calculate the remainder when i is divided by 3.
1
Suppose 2*i + 22 = -2*n + 6, i + 4*n + 2 = 0. Let m(g) = -18*g + 4*g**2 + 14 + 9*g + 5*g**2 + g**3 + 0*g**3. Calculate the remainder when 4 is divided by m(i).
0
Let p(z) = -10*z + 28 + 24 - 42 + 2*z + 5*z**2. Let a be (6/18)/((-2)/(-30)). Calculate the remainder when p(a) is divided by 24.
23
Suppose -59 = -5*b - 4. Suppose 0 = -3*j + 277 + 383. Suppose -5*m - z + 210 = 0, -z - 2*z = 5*m - j. What is the remainder when m is divided by b?
8
Suppose 5*v + 4*j - 159 = 0, -2*v - 3*j + 86 = -7*j. Let a = -13 + v. Calculate the remainder when 65 is divided by a.
21
Suppose 4*u - 51 = -19. Calculate the remainder when 79 is divided by (-316)/(-16) - (-2)/u.
19
Let f = -46 + 78. Suppose -f = -4*r + 24. Calculate the remainder when 55 is divided by r.
13
Let v = -43 + 46. What is the remainder when 4/2*1038/12 + v is divided by 59?
58
Suppose 242*d - 257*d + 1395 = 0. Calculate the remainder when d is divided by 79.
14
Calculate the remainder when -8*3/(-24) + 108 is divided by 23.
17
Suppose -13*o + 18*o + 3*w - 119 = 0, 5*o = -5*w + 125. What is the remainder when 372 is divided by o?
20
Let q(n) = -10*n + 11. Let k be q(-7). Let b = k + -50. Calculate the remainder when 60 is divided by b.
29
Suppose -2*d - 87 + 67 = 0. What is the remainder when (-105)/(-10)*5*(-8)/d is divided by 11?
9
Calculate the remainder when -2*(-4)/(-24)*(1 + -58) is divided by (-92)/(-20) - 6/10.
3
Let y = 224 - 145. Calculate the remainder when y is divided by 21.
